s the highest common factor of i and 700?
35
Let n be 48722/4 - ((-3445)/(-795) + (-23)/6). What is the highest common divisor of 20 and n?
20
Let o(k) = -2*k**3 - 25*k**2 - 85*k + 9. Let l be o(-4). Suppose 12 = -3*z + 6*z. Suppose -z*h = h - 35. Calculate the greatest common divisor of l and h.
7
Let w(u) be the first derivative of -u**2/2 + 3*u + 16. Let a be w(-15). What is the greatest common divisor of a and 6?
6
Let j(b) = 56 - 252 - 76*b - 32 + 88*b. Let n be j(23). What is the highest common divisor of 912 and n?
48
Let u = 3602 - 3590. What is the greatest common factor of u and 96?
12
Let w be 57 - (0 - 8 - 3/1). Calculate the greatest common factor of 18870 and w.
34
Suppose 32*l - 13*l = -627. Let c(j) = -20*j - 153. Let q be c(l). Calculate the greatest common factor of 78 and q.
39
Let t = 9148 + -4481. Calculate the greatest common factor of 2872 and t.
359
Let o be 110/(((-80)/(-12))/10). Suppose 9 = 3*l, -l - o = -4*g + 4*l. Calculate the greatest common factor of g and 25.
5
Suppose -44 = -3*t + 61. Let y = -944 - -995. Let u = y - t. What is the highest common factor of 24 and u?
8
Let p be 544 - 2/((-30)/(-165)). What is the greatest common divisor of 1517 and p?
41
Suppose -14*k + 3*k = 11. Let a be (k/(-6) - 683/(-6))/2. Calculate the highest common divisor of a and 76.
19
Suppose -d + 276 = 3*p, 2*p + d = -d + 188. Let o be 8/(-24) - (0 + 7/(-3)). Let q be (-2)/(o - (-168)/(-78)). What is the greatest common factor of q and p?
13
Let i(p) = p**3 + 4*p**2 - 112*p + 104. Let v be i(-11). What is the greatest common divisor of v and 7009?
163
Let p = 99 + -111. Let y be (-32)/p*(-72)/(-16). Calculate the greatest common factor of 36 and y.
12
Suppose q - 30 = 5*j, -11 + 1 = 5*j. Let h(n) = n**2 - 3*n + 3. Let i be h(5). Suppose q + i = 3*y. What is the greatest common factor of 187 and y?
11
Suppose -2*u - a + 30 = a, -3*u + 75 = -3*a. Suppose 4*w = w. Suppose 152 = 4*j - 2*x, w*j - 2*j + 3*x + 68 = 0. Calculate the highest common factor of j and u.
20
Suppose 2*u - 18 + 2 = 0. Let y = -65 - u. Let h = y + 105. What is the highest common divisor of 16 and h?
16
Let p = 79 - 64. Let b be ((-24)/p)/(16/(-520)). Suppose 2*n = b - 20. Calculate the highest common divisor of 4 and n.
4
Let x(t) = -13*t**3 - 5*t**2 - 34*t - 58. Let d be x(-2). What is the highest common factor of 517 and d?
47
Let d = 5677 + -4470. Calculate the highest common factor of d and 213.
71
Let p(t) = 22*t - 4. Let x be p(6). Suppose -2*q + 26 = 3*o, q - 85 = -78. What is the greatest common factor of o and x?
4
Let r be (-1)/(4/(-9))*(1488 - 1128). Calculate the greatest common divisor of r and 1380.
30
Let w(k) be the first derivative of 9*k**4/4 + k**3/3 + 9*k**2/2 + 3*k - 124. Let d be w(3). What is the greatest common factor of d and 94?
94
Suppose -3*c = 0, 5*r - 5*c = -c + 70. Suppose -21*k + 63*k - 7392 = 20*k. Calculate the greatest common factor of k and r.
14
Let h(z) = -10*z**3 - 2*z**2 + 8*z + 14. Let k be h(-2). Suppose k*c - 24 = 66*c. Let q = -5 + 8. Calculate the highest common divisor of q and c.
3
Suppose -1337 = -116*v + 7479. Let r(b) = b**2 + 3*b. Let n be r(-4). What is the greatest common factor of n and v?
4
Suppose -4*s = -5*b + 55, -3*b + 0*b + 36 = -3*s. Suppose 27*h = b*h + 5800. What is the highest common divisor of 20 and h?
10
Let k be (3 - 14/(-7)) + (3 - -5674) - 7. Calculate the greatest common factor of 25 and k.
25
Let q be 170/1105 - 258*(-3)/39. Calculate the greatest common factor of q and 710.
10
Let p(b) = -b**2 - b + 15. Let x be p(-4). Suppose -2*z - 4*v + 26 = -z, 3*v - 69 = -x*z. Calculate the highest common divisor of 11 and z.
11
Let g be 4 + (-4 - (-2 - (-35)/28)*4). Calculate the highest common divisor of g and 993.
3
Suppose 0 = -12*w + 1554 + 894. Let v = 222 - w. Calculate the greatest common factor of 2 and v.
2
Let r be 17/2 + 68/((-5712)/210). Let c(m) = -m**3 - 2*m**2 + m - 2. Let l be c(-3). Suppose 132 = -l*v + 444. Calculate the greatest common divisor of r and v.
6
Let w(p) = 3*p**2 + 103*p - 165. Let h be w(-36). Calculate the highest common divisor of h and 141.
3
Let q = 427 + -433. Let n be ((-23932)/7)/(-4) - q/21. What is the highest common factor of n and 19?
19
Let b(n) = -n - 9. Let l be b(-18). Suppose 0 = 2*w, w = -l*m + 8*m + 296. Calculate the highest common divisor of m and 37.
37
Suppose -1677 + 17357 = 49*p. Calculate the greatest common factor of p and 64.
64
Let h(l) = 3*l**2 - 7*l - 37. Suppose -6 = -b + 2*m + 2, -2*b + 16 = 3*m. Let j be h(b). What is the greatest common factor of j and 55?
11
Suppose 2*h + 30 - 38 = 0, -2*b + 5*h + 898 = 0. Calculate the greatest common divisor of b and 72.
9
Let t = 280 - 324. Let z be t/(-6)*3*(1 + 0). What is the greatest common factor of 286 and z?
22
Let z(x) = -4*x**2 - 120*x - 326. Let v be z(-19). What is the highest common divisor of v and 1785?
255
Suppose -30*s - 32*s = -231 + 1223. Let b(l) = 4*l - 12 - 8*l - 39. Let f be b(s). What is the greatest common divisor of 13 and f?
13
Let h = 20 - 14. Let o(x) = -3*x**2 - 6*x**2 - 25 + 5 - 13*x + 2*x**3. Let u be o(6). What is the highest common factor of u and h?
2
Suppose -10*x = -9*x - 2. Suppose -x*u + 252 + 50 = 0. Let p be u - (28/(-154) + (-13)/(-11)). Calculate the greatest common factor of 25 and p.
25
Let b be (-4)/10*(-2 + -8). Suppose -40*a + 125 + 115 = 0. Calculate the highest common factor of a and b.
2
Let y(m) = -2*m + 2. Let h be y(0). Suppose -2*d + h = 0, p + d - 7 = 5. Let r = -4 + p. What is the greatest common factor of r and 14?
7
Let j(w) = 41*w + 2343. Let b be j(11). What is the greatest common factor of 508 and b?
254
Suppose -15231*k = -15206*k - 675. What is the highest common factor of 153 and k?
9
Let f = 165 - 60. Let m(q) = -q**2 - 21*q + 7. Let k be m(-19). Calculate the greatest common factor of k and f.
15
Suppose -5*z - 6 = 4*k - 51, k + 5*z - 30 = 0. Suppose -4*d + 22 = k*h, 3 = -4*h - 5. Let w = 24 - d. What is the greatest common divisor of 64 and w?
16
Suppose -4*d + k = d, -5*d = k. Suppose d = 9*v + 295 - 1735. What is the greatest common divisor of 80 and v?
80
Let v be (1 + -4)/(18/(-660)). Suppose v = -4*p + 290. Let q = -680 + 689. What is the greatest common divisor of p and q?
9
Let m(y) = -y - 58. Let r(n) = n + 29. Let k(h) = -3*m(h) - 5*r(h). Let w be k(11). Suppose 3*t + 72 = w*t. What is the greatest common divisor of 198 and t?
18
Let t(s) = -2*s**2 - 14*s + 390. Let j be t(0). Calculate the highest common divisor of 450 and j.
30
Suppose 3*f + 257 = -586. Let l = f + 301. Calculate the highest common divisor of 10 and l.
10
Let q(m) = -m**3 - 2*m**2 + 20*m + 36. Let u be q(-6). Calculate the greatest common factor of 690 and u.
30
Let i(v) be the second derivative of 13*v**4/12 + v**3/3 + 20*v**2 + 129*v. Let y be i(-6). Calculate the greatest common divisor of y and 16.
16
Suppose 0 = 60*t + 24*t - 1764. What is the greatest common divisor of t and 651?
21
Suppose 3*c + i + i = 16, 3*c - i = 1. Let m be (-6)/(-6)*16*c. Calculate the highest common factor of 12 and m.
4
Let x = 8888 + -8184. What is the highest common divisor of 1320 and x?
88
Let t = 425 + -329. Suppose -101*m + 250 = -t*m. What is the highest common factor of 20 and m?
10
Suppose 53*t - 131 - 736 = 723. Calculate the highest common divisor of 186 and t.
6
Suppose -395*s = -406*s + 77. What is the highest common divisor of 4221 and s?
7
Let p(w) = -w**2 - 11*w + 35. Let l be p(-10). Let a be (-3)/15 + 1899/l. What is the greatest common factor of a and 84?
42
Let o(v) = 9*v - 3. Let j be o(6). Let z = 338823 + -338466. Calculate the highest common divisor of z and j.
51
Let m(g) = -g**2 + 3*g + 6. Let x be m(4). Suppose -4*z - 150 = 5*i, -i = -x*i + 4*z - 54. Let a = i + 130. What is the highest common divisor of 24 and a?
24
Suppose 5*r + 2*z - 31 = 0, -2*r = -0*z - 5*z + 5. Suppose 4*f + 3*u = 2*f + 106, 4*f - 234 = r*u. Calculate the highest common divisor of 504 and f.
56
Let f(s) = -s**3 + 12*s**2 - 2*s + 26. Let q be f(12). Let t be ((-3)/q)/(2/56). Let v = -12 - t. What is the highest common divisor of v and 10?
10
Let r(z) = 6 + 36*z + 7*z - 3 + 19*z. Let l be r(1). Let p(v) = 2*v**2 + 12*v - 84. Let f be p(5). What is the highest common factor o